923 and 27.
9
What is the greatest common factor of 532 and 305452?
28
Calculate the greatest common factor of 1554583 and 5.
1
Calculate the highest common divisor of 3472 and 74349284.
124
What is the highest common factor of 429 and 179817?
33
Calculate the greatest common factor of 3377400 and 10488.
24
Calculate the greatest common factor of 267 and 19125299.
89
Calculate the greatest common divisor of 17862715 and 520.
65
What is the greatest common factor of 996 and 49605116?
332
What is the highest common factor of 7719 and 394333?
83
What is the greatest common factor of 1086 and 1128905688?
1086
Calculate the greatest common divisor of 1494 and 342576.
18
Calculate the highest common factor of 36774 and 1296.
162
What is the greatest common factor of 1144 and 298841686?
286
Calculate the highest common factor of 732263 and 12897.
1433
What is the greatest common divisor of 2870 and 19922?
14
Calculate the highest common factor of 4477227 and 1857.
1857
Calculate the highest common factor of 62308240 and 4640.
2320
What is the highest common factor of 2172 and 5485748?
724
What is the highest common factor of 164625 and 25275?
75
Calculate the greatest common divisor of 30970632 and 1320.
264
Calculate the highest common factor of 17465 and 6765941.
3493
Calculate the highest common factor of 4647843 and 117.
9
Calculate the greatest common factor of 20331672 and 57.
57
What is the highest common factor of 274377072 and 8388?
2796
What is the highest common factor of 184 and 9188500?
92
What is the highest common divisor of 1493296 and 1584?
16
What is the highest common divisor of 8806 and 2997?
37
What is the greatest common divisor of 26517824 and 1088?
1088
What is the highest common factor of 1964 and 20065697?
491
What is the highest common factor of 3731 and 4293315?
533
Calculate the greatest common factor of 8622 and 8464698.
18
Calculate the highest common divisor of 22744 and 2129054468.
11372
What is the greatest common divisor of 3648 and 99408?
912
Calculate the greatest common factor of 5628 and 2537766.
42
Calculate the highest common factor of 1059600 and 2000.
400
Calculate the highest common divisor of 103724744 and 6.
2
Calculate the greatest common factor of 21 and 10441753.
7
What is the greatest common divisor of 31475602 and 238?
34
Calculate the greatest common divisor of 1196 and 4353739.
299
What is the highest common factor of 809165 and 1129415?
2135
Calculate the highest common factor of 36207360 and 360.
360
Calculate the greatest common factor of 1218588 and 540.
12
Calculate the highest common divisor of 8 and 1070603.
1
What is the highest common divisor of 1387192 and 432?
8
Calculate the highest common divisor of 106 and 6044703.
53
What is the highest common factor of 350 and 4046056?
14
What is the greatest common divisor of 199526868 and 540?
108
What is the greatest common divisor of 22295 and 15782?
13
Calculate the greatest common divisor of 1244883 and 55883.
1189
What is the greatest common factor of 110 and 149014635?
55
What is the highest common factor of 834609833 and 215?
43
Calculate the greatest common factor of 4836 and 8913740.
124
What is the greatest common factor of 1508 and 3113903?
13
Calculate the highest common divisor of 13737070 and 530.
530
What is the greatest common factor of 195080449 and 8727?
2909
What is the highest common divisor of 880808 and 253?
23
Calculate the highest common divisor of 8633616 and 74472.
2568
Calculate the highest common factor of 11467368 and 12.
12
What is the highest common factor of 11122 and 1348174?
134
Calculate the highest common factor of 153510 and 9435.
255
Calculate the highest common divisor of 69417 and 156654.
81
Calculate the greatest common factor of 248095 and 1180.
295
What is the highest common factor of 5448938 and 3278?
22
What is the highest common factor of 222783 and 5379?
33
What is the greatest common divisor of 8676 and 84?
12
Calculate the highest common divisor of 126 and 32768484.
42
Calculate the greatest common factor of 198 and 597157.
11
Calculate the greatest common factor of 340915 and 21560795.
8315
Calculate the greatest common divisor of 1463771 and 14167.
457
What is the highest common factor of 4659 and 17267807?
1553
Calculate the greatest common factor of 13183 and 2020.
1
What is the greatest common divisor of 703947 and 22589?
461
Calculate the greatest common divisor of 12882 and 4246314.
678
Calculate the greatest common divisor of 116 and 18257327.
29
What is the highest common divisor of 4017 and 32604?
39
What is the greatest common factor of 212911565 and 31?
31
Calculate the greatest common divisor of 31291304 and 1320.
88
Calculate the highest common factor of 780 and 652020.
60
Calculate the highest common divisor of 7362 and 39726.
18
What is the highest common divisor of 282 and 1271914?
94
Calculate the highest common factor of 594405 and 1221.
111
Calculate the greatest common factor of 34 and 626350.
2
What is the greatest common factor of 2356 and 559335604?
2356
What is the greatest common factor of 707376 and 144?
48
What is the greatest common divisor of 268 and 32318053?
67
What is the highest common factor of 68 and 6791126?
34
Calculate the highest common divisor of 7806744 and 48.
24
Calculate the highest common factor of 9560 and 24580.
20
Calculate the greatest common divisor of 61 and 31158922.
61
Calculate the highest common factor of 747479048 and 8.
8
Calculate the highest common divisor of 2459219 and 12317.
113
What is the greatest common divisor of 6175596 and 33779?
1987
What is the highest common divisor of 107408959 and 329?
329
What is the highest common divisor of 432 and 66746808?
216
Calculate the greatest common factor of 264095246 and 184.
46
What is the greatest common factor of 96 and 31539864?
24
Calculate the highest common factor of 37880520 and 240.
120
What is the greatest common factor of 4233 and 1495371?
51
What is the greatest common factor of 2010 and 66890?
10
Calculate the greatest common factor of 11089 and 9050330.
853
Calculate the greatest common divisor of 14313 and 2009325.
1101
Calculate the greatest common factor of 253692 and 145.
29
Calculate the greatest common factor of 7760 and 76275368.
776
What is the highest common factor of 47020136 and 29?
29
Calculate the greatest common divisor of 33 and 15066370.
11
Calculate the greatest common divisor of 17032482 and 90.
18
What is the greatest common divisor of 1312 and 22176?
32
What is the greatest common factor of 6900 and 30540780?
1380
What is the highest common factor of 150 and 12878790?
30
What is the greatest common factor of 22231 and 2961?
47
What is the greatest common factor of 1592 and 113877949?
199
Calculate the highest common divisor of 100059 and 81.
3
Calculate the greatest common factor of 20534 and 28.
2
Calculate the highest common divisor of 8816590 and 1495.
115
Calculate the greatest common factor of 21733 and 252041.
103
Calculate the greatest common factor of 10788561 and 171.
171
What is the greatest common factor of 153016 and 613298?
1234
Calculate the highest common factor of 106470 and 776860.
70
What is the greatest common divisor of 110 and 630285?
5
Calculate the highest common divisor of 10716 and 1587336.
228
What is the greatest common divisor of 2552 and 92488?
88
Calculate the greatest common divisor of 40810 and 21571.
583
Calculate the highest common factor of 464304975 and 8375.
1675
What is the greatest common factor of 16030495 and 6220?
1555
Calculate the greatest common divisor of 40 and 15293384.
8
Calculate the highest common divisor of 1874223 and 415.
83
Calculate the highest common factor of 660293618 and 2004.
334
What is the highest common factor of 19 and 68118287?
19
What is the greatest common factor of 18054 and 1325966?
2006
Calculate the highest common divisor of 781 and 17984513.
71
What is the highest common factor of 275 and 2707300?
25
What is the greatest common factor of 22 and 320944140?
22
What is the highest common divisor of 1060987 and 231235?
449
What is the highest common factor of 224 and 91296?
32
What is the greatest common factor of 300 and 101600850?
150
Calculate the greatest common factor of 188 and 786044